be p(u). Calculate the greatest common factor of s and 27.
3
Suppose 0 = 4*a - 3*a - 2. Suppose 0 = a*i + 3*i + 15. Let c(l) = -17*l + 3. Let u be c(i). Calculate the greatest common divisor of 9 and u.
9
Suppose -4*t - 7 = -3. Let m be ((2 - t) + 7)/1. What is the highest common factor of 50 and m?
10
Suppose 0 = -2*s + 246 + 62. What is the greatest common factor of s and 22?
22
Suppose -5 - 5 = -5*g. Let o be 4/6*(g + 1). Suppose 36 = -n + o*n. Calculate the greatest common factor of n and 18.
18
Let u(b) = -4*b**3 - 2*b - 1. Let k be u(-1). Let w = k + 7. Let o = 40 - w. Calculate the greatest common factor of 7 and o.
7
Let k(z) = -139*z - 645. Let l be k(-5). What is the greatest common divisor of 900 and l?
50
Suppose 5*s + 4*n - 2 + 7 = 0, 0 = -2*s + 5*n + 31. Let m = 328 + -301. What is the greatest common divisor of m and s?
3
Let b(w) be the third derivative of -1/6*w**4 - 5*w**2 + 1/12*w**5 - w**3 + 0*w + 0. Let g be b(5). What is the greatest common factor of g and 9?
9
Suppose -9*c + 84 = 3*c. What is the highest common factor of c and 7?
7
Let t be (-4)/((-1)/(-2) - (-22)/(-12)). Suppose 2*m - 10 = 0, 2*m = c + t*c - 386. What is the highest common divisor of 9 and c?
9
Suppose -50*v + 2*v = -7776. What is the greatest common factor of v and 108?
54
Let f(h) = h**2 + 10*h - 11. Let v be f(7). What is the highest common divisor of 24 and v?
12
Let n = 8005 + -5655. What is the highest common factor of 94 and n?
94
Suppose 9*d - 10*d - 3*z = -23, 42 = 4*d + 2*z. Calculate the greatest common factor of d and 80.
8
Let d be ((21/35)/1)/((-7)/(-595)). Calculate the greatest common divisor of 3 and d.
3
Let w(q) = 6*q**2 + 5*q + 4. Let m be w(-1). What is the greatest common factor of 245 and m?
5
Let r(s) = 11*s**2 - 14*s - 4. Let v be r(2). What is the highest common factor of v and 654?
6
Let a be (-3 - 12)*(-1)/3. Let q(r) = -r**3 + 4*r**2 + 7*r - 7. Let c be q(a). Suppose -17 = c*j - 41. What is the greatest common divisor of j and 40?
8
Let h be (-500)/(-14) - 126/(-441). Calculate the greatest common divisor of h and 81.
9
Let m be (-4 + 268)/(-12)*(-2)/4. Calculate the highest common divisor of 77 and m.
11
Let w = 1 + 3. Suppose 0 = w*q - 7*q + 9. Suppose z + 5*j - 50 = q*j, j = 4*z - 218. Calculate the highest common divisor of 135 and z.
27
Suppose -4*g = -108 - 120. Suppose -4*t - g = -233. What is the greatest common factor of t and 4?
4
Suppose c - 2 = 2, -14 = -p - 3*c. Suppose 2*z = 5*z - 9, 0 = p*x - 2*z + 82. Let s = 48 + x. Calculate the greatest common divisor of 90 and s.
10
Suppose 40 + 0 = 4*t. Let w be (-4)/8*3*t/(-3). Calculate the greatest common divisor of 25 and w.
5
Let z be 5/((-15)/33)*-6 + 4. Calculate the highest common divisor of 30 and z.
10
Suppose 5*t - 25 = -3*w, -w - w + 16 = 3*t. Suppose o = -t*o + 420. Let k(r) = -20*r. Let h be k(-1). Calculate the highest common factor of o and h.
20
Suppose 13*v - 17*v + 12 = 0. Suppose o + 0 = 2. Suppose v*y + o*y = 3*d + 80, 80 = 5*y + 3*d. Calculate the highest common factor of 24 and y.
8
Let l(u) = 131*u - 62. Let i be l(8). Calculate the highest common divisor of i and 58.
58
Let z(x) = 4*x + 1. Let u be (-144)/(-14) - (-8)/(-28). Let y = u + -9. Let o be z(y). What is the highest common divisor of 35 and o?
5
Let k = -419 - -497. Calculate the greatest common factor of k and 429.
39
Let z be -2*3/6*0. Suppose 2*l - 4*x + 3*x = 19, -4*l + x + 33 = z. Let t = -15 - -43. Calculate the highest common divisor of t and l.
7
Let s = -98 + 73. Let t be ((-320)/s - -4)/((-2)/(-10)). Calculate the highest common divisor of 28 and t.
28
Let x(v) = 17*v + 6. Let m be x(2). Suppose 0*s - 15 = -3*s. Calculate the greatest common factor of m and s.
5
Let z = -253 - -461. What is the greatest common factor of 26 and z?
26
Let v be (-9)/(-6) + 317/2. What is the highest common divisor of 32 and v?
32
Let o = -549 - -555. Let h(t) = -t - 7. Let v be h(-9). Calculate the highest common divisor of v and o.
2
Suppose 10*n - 5*n + 35 = 0. Let t = 2 + n. Let y be ((-126)/(-35))/((-1)/t). Calculate the greatest common divisor of y and 162.
18
Let l be 63*(-10)/((-40)/12). What is the greatest common factor of 42 and l?
21
Let j = -1 + 2. Let k(g) = -g**2 - 133*g + 839. Let d be k(6). Calculate the greatest common divisor of d and j.
1
Let b be (315/6)/(-7)*(-3000)/36. What is the greatest common factor of b and 25?
25
Let i be 10*(2 + -3) - (24 + -28). Suppose -g + 0 + 5 = 0. Let y be g/((-25)/i)*5. What is the highest common factor of y and 15?
3
Suppose -3*x + 43 = -47. Let s = -10 - 20. Let j be (-18)/s - ((-367)/5 - 1). What is the highest common divisor of j and x?
15
Let c(z) = -z**3 - z + 47. Let t be c(0). Suppose -4*x + t - 7 = 0. Suppose 3*a - 130 = -70. Calculate the highest common factor of a and x.
10
Suppose 10*t - 136 = 854. Let k(x) = 2*x - 17. Let g be k(13). Calculate the greatest common factor of t and g.
9
Let n be (-19)/(-4) + (-7)/(-28). Suppose -4*w = -2 - 10. Suppose -w*v + 2*b + 65 = 3*b, -2*v - 5*b = -65. What is the highest common factor of v and n?
5
Let u = -45 + 17. Let r = u - 27. Let k be r/(-1*(-2)/(-2)). Calculate the greatest common factor of k and 5.
5
Let c = -15 + 3. Let b be ((-18)/c)/(1/2). Let l be (-2 + b)/((-3)/(-273)). What is the highest common factor of l and 13?
13
Let f be 0 + (1*4)/(6/72). Suppose -4*o + f = 2*j + 2, -2*j + 40 = -2*o. What is the greatest common factor of 42 and j?
21
Suppose 6*h + 235 - 469 = 0. Calculate the highest common factor of h and 78.
39
Suppose 5*b - 27 = m, 5*b + 4*m - 33 = 3*m. Suppose 3*n - 5 - 22 = -3*g, 3*g = 0. What is the greatest common divisor of n and b?
3
Suppose 4*z - 19 = 4*t + 1, 3*t = -2*z + 10. Suppose -123 = z*f - 483. Let y = 21 - 13. What is the highest common factor of f and y?
8
Let h(y) = -y. Let d be h(-4). Suppose d*s + 61 = 5*p, 2*s = -3*p + 38 + 3. Suppose -45 = -4*t - p. What is the highest common factor of t and 16?
8
Let q be -1 + 1 - (270 - 4). Let x = q - -566. Suppose 4*u - 107 - 13 = 0. Calculate the greatest common divisor of x and u.
30
Suppose 0 = 19*j + 8*j - 540. Calculate the greatest common factor of j and 15.
5
Let s(a) be the first derivative of a**3/3 - 5*a**2/2 + 20*a + 13. Let w be s(5). Calculate the greatest common divisor of 16 and w.
4
Suppose 44 = -18*j + 22*j. Suppose 2*f - 44 = 4*f. Let x be 18*(f/(-4) + 0). Calculate the highest common divisor of x and j.
11
Let x(q) = 19*q + 119. Let c be x(0). Calculate the highest common factor of 1071 and c.
119
Suppose -474 = 5*d - 729. Let u(h) = 6*h - 2. Let k be u(6). Calculate the greatest common divisor of k and d.
17
Suppose 13*v - 8*v + 50 = q, 2*q = 2*v + 68. Suppose -x + 33 = -0*x + 4*s, 5*x - 240 = 5*s. Calculate the highest common factor of x and q.
15
Let c(s) = -s**3 + 4*s**2 + 2*s - 3. Let b be c(2). What is the highest common divisor of 45 and b?
9
Let r = 1753 + -1595. What is the greatest common divisor of r and 316?
158
Let l be (-7)/((-63)/(-54)) - -91. Calculate the highest common divisor of 5 and l.
5
Suppose -i + 3*i = 1408. Let h be 1/((-4)/(0 - i)) - 1. What is the greatest common factor of h and 35?
35
Let o be 16 + 1 - (2 - 0). Suppose 4*b - 7*b + 171 = 0. Suppose -s + b = -63. Calculate the highest common factor of s and o.
15
Let c be (4/6)/(6/(-1611)). Let b = 404 + c. Suppose -5*k + 10*k - b = 0. What is the highest common divisor of k and 5?
5
Suppose 26 = 5*s + 4*n - 34, n - 43 = -3*s. Let h be 2 + -1 + s + (3 - 0). Calculate the highest common factor of 30 and h.
10
Let n = 105 + -85. Suppose -114*u = -117*u + 120. Calculate the greatest common divisor of u and n.
20
Let q = 4 - 2. Suppose -y + q*y = 15. Let l be 1*-3*(-25)/y. Calculate the highest common divisor of l and 55.
5
Let a be 3/((-21)/28*6)*-36. What is the highest common divisor of 176 and a?
8
Suppose 11 = 4*d - 1. Let j = 278 - 151. Suppose -233 - j = -d*a. What is the highest common factor of a and 15?
15
Let n = 286 - 194. Calculate the highest common divisor of n and 46.
46
Let j = 252 - 249. Let n be -60*(2 - 42/15). What is the highest common factor of j and n?
3
Suppose 47 = 5*y + 27. Suppose 2*c - 118 = -3*i, -2*i + 7*i + 2*c - 190 = 0. Calculate the greatest common divisor of i and y.
4
Suppose 121 +